{"id":29,"date":"2024-06-03T10:44:22","date_gmt":"2024-06-03T10:44:22","guid":{"rendered":"https:\/\/tallerchamberi.com\/?page_id=29"},"modified":"2024-06-04T12:17:53","modified_gmt":"2024-06-04T12:17:53","slug":"nosotros","status":"publish","type":"page","link":"https:\/\/tallerchamberi.com\/?page_id=29","title":{"rendered":"Nosotros"},"content":{"rendered":"\t\t<div data-elementor-type=\"wp-page\" data-elementor-id=\"29\" class=\"elementor elementor-29\" data-elementor-post-type=\"page\">\n\t\t\t\t<div class=\"elementor-element elementor-element-9a19d7d e-con-full e-flex e-con e-parent\" data-id=\"9a19d7d\" data-element_type=\"container\" data-e-type=\"container\" data-settings=\"{&quot;background_background&quot;:&quot;classic&quot;}\">\n\t\t\t\t<div class=\"elementor-element elementor-element-e5e2412 elementor-widget elementor-widget-heading\" data-id=\"e5e2412\" data-element_type=\"widget\" data-e-type=\"widget\" data-widget_type=\"heading.default\">\n\t\t\t\t<div class=\"elementor-widget-container\">\n\t\t\t\t\t<h2 class=\"elementor-heading-title elementor-size-default\">NOSOTROS<\/h2>\t\t\t\t<\/div>\n\t\t\t\t<\/div>\n\t\t\t\t<\/div>\n\t\t<div class=\"elementor-element elementor-element-15911e5 e-flex e-con-boxed e-con e-parent\" data-id=\"15911e5\" data-element_type=\"container\" data-e-type=\"container\">\n\t\t\t\t\t<div class=\"e-con-inner\">\n\t\t\t\t<div class=\"elementor-element elementor-element-185dc9c elementor-widget__width-initial elementor-widget-mobile__width-initial elementor-widget elementor-widget-image\" data-id=\"185dc9c\" data-element_type=\"widget\" data-e-type=\"widget\" data-widget_type=\"image.default\">\n\t\t\t\t<div class=\"elementor-widget-container\">\n\t\t\t\t\t\t\t\t\t\t\t\t\t\t\t<img fetchpriority=\"high\" decoding=\"async\" width=\"800\" height=\"330\" src=\"https:\/\/tallerchamberi.com\/wp-content\/uploads\/2024\/06\/WhatsApp-Image-2020-10-24-at-10.23.17.jpeg\" class=\"attachment-large size-large wp-image-194\" alt=\"\" srcset=\"https:\/\/tallerchamberi.com\/wp-content\/uploads\/2024\/06\/WhatsApp-Image-2020-10-24-at-10.23.17.jpeg 1024w, https:\/\/tallerchamberi.com\/wp-content\/uploads\/2024\/06\/WhatsApp-Image-2020-10-24-at-10.23.17-300x124.jpeg 300w, https:\/\/tallerchamberi.com\/wp-content\/uploads\/2024\/06\/WhatsApp-Image-2020-10-24-at-10.23.17-768x317.jpeg 768w\" sizes=\"(max-width: 800px) 100vw, 800px\" \/>\t\t\t\t\t\t\t\t\t\t\t\t\t\t\t<\/div>\n\t\t\t\t<\/div>\n\t\t<div class=\"elementor-element elementor-element-8dd0211 e-flex e-con-boxed e-con e-child\" data-id=\"8dd0211\" data-element_type=\"container\" data-e-type=\"container\">\n\t\t\t\t\t<div class=\"e-con-inner\">\n\t\t\t\t<div class=\"elementor-element elementor-element-4e6e099 elementor-widget elementor-widget-heading\" data-id=\"4e6e099\" data-element_type=\"widget\" data-e-type=\"widget\" data-widget_type=\"heading.default\">\n\t\t\t\t<div class=\"elementor-widget-container\">\n\t\t\t\t\t<h2 class=\"elementor-heading-title elementor-size-default\">M\u00e1s de 25 de a\u00f1os a su servicio<\/h2>\t\t\t\t<\/div>\n\t\t\t\t<\/div>\n\t\t\t\t<div class=\"elementor-element elementor-element-9bf1695 elementor-widget elementor-widget-text-editor\" data-id=\"9bf1695\" data-element_type=\"widget\" data-e-type=\"widget\" data-widget_type=\"text-editor.default\">\n\t\t\t\t<div class=\"elementor-widget-container\">\n\t\t\t\t\t\t\t\t\t<p>En talleres TOP CAR, l\u00edderes en el sector automovil\u00edstico, nuestro mayor compromiso es ayudarle a mantener y reparar su veh\u00edculo para que nada le detenga.<\/p><p>En nuestro taller recibir\u00e1 trato personalizado y orientado a sus necesidades. Nuestro personal tiene experiencia especializada en cada \u00e1mbito, y disponemos de los m\u00e1s innovadores equipos para para mantener su autom\u00f3vil en \u00f3ptimas condiciones, en el menor tiempo.<\/p>\t\t\t\t\t\t\t\t<\/div>\n\t\t\t\t<\/div>\n\t\t\t\t\t<\/div>\n\t\t\t\t<\/div>\n\t\t\t\t\t<\/div>\n\t\t\t\t<\/div>\n\t\t<div class=\"elementor-element elementor-element-d1ad31c e-flex e-con-boxed e-con e-parent\" data-id=\"d1ad31c\" data-element_type=\"container\" data-e-type=\"container\" data-settings=\"{&quot;background_background&quot;:&quot;classic&quot;}\">\n\t\t\t\t\t<div class=\"e-con-inner\">\n\t\t\t\t<div class=\"elementor-element elementor-element-66afe5f elementor-widget elementor-widget-text-editor\" data-id=\"66afe5f\" data-element_type=\"widget\" data-e-type=\"widget\" data-widget_type=\"text-editor.default\">\n\t\t\t\t<div class=\"elementor-widget-container\">\n\t\t\t\t\t\t\t\t\t<p>Si busca un\u00a0trato cercano y profesional, somos su taller de confianza.<\/p><p>Le ofrecemos, entre otros, servicios de Neum\u00e1ticos, Suspensi\u00f3n, Mec\u00e1nica R\u00e1pida, Pre-ITV, Frenos, Escapes, Alineaci\u00f3n, Equilibrado, Llantas, Bater\u00edas, Lubricantes y recambio y accesorios. Adem\u00e1s, aproveche nuestra recogida y entrega de veh\u00edculo domicilio GRATIS.<\/p>\t\t\t\t\t\t\t\t<\/div>\n\t\t\t\t<\/div>\n\t\t\t\t\t<\/div>\n\t\t\t\t<\/div>\n\t\t<div class=\"elementor-element elementor-element-f4e4123 e-con-full e-flex e-con e-parent\" data-id=\"f4e4123\" data-element_type=\"container\" data-e-type=\"container\">\n\t\t\t\t<div class=\"elementor-element elementor-element-0ce397e elementor-widget elementor-widget-heading\" data-id=\"0ce397e\" data-element_type=\"widget\" data-e-type=\"widget\" data-widget_type=\"heading.default\">\n\t\t\t\t<div class=\"elementor-widget-container\">\n\t\t\t\t\t<h2 class=\"elementor-heading-title elementor-size-default\">Nuestro Equipo<\/h2>\t\t\t\t<\/div>\n\t\t\t\t<\/div>\n\t\t\t\t<\/div>\n\t\t<div class=\"elementor-element elementor-element-55bb634 e-flex e-con-boxed e-con e-parent\" data-id=\"55bb634\" data-element_type=\"container\" data-e-type=\"container\">\n\t\t\t\t\t<div class=\"e-con-inner\">\n\t\t\t\t<div class=\"elementor-element elementor-element-511b413 elementor-position-left elementor-vertical-align-middle elementor-widget elementor-widget-image-box\" data-id=\"511b413\" data-element_type=\"widget\" data-e-type=\"widget\" data-widget_type=\"image-box.default\">\n\t\t\t\t<div class=\"elementor-widget-container\">\n\t\t\t\t\t<div class=\"elementor-image-box-wrapper\"><figure class=\"elementor-image-box-img\"><img decoding=\"async\" width=\"1080\" height=\"1080\" src=\"https:\/\/tallerchamberi.com\/wp-content\/uploads\/2024\/06\/WhatsApp-Image-2020-10-24-at-10.19.41.jpeg\" class=\"attachment-full size-full wp-image-198\" alt=\"\" srcset=\"https:\/\/tallerchamberi.com\/wp-content\/uploads\/2024\/06\/WhatsApp-Image-2020-10-24-at-10.19.41.jpeg 1080w, https:\/\/tallerchamberi.com\/wp-content\/uploads\/2024\/06\/WhatsApp-Image-2020-10-24-at-10.19.41-300x300.jpeg 300w, https:\/\/tallerchamberi.com\/wp-content\/uploads\/2024\/06\/WhatsApp-Image-2020-10-24-at-10.19.41-1024x1024.jpeg 1024w, https:\/\/tallerchamberi.com\/wp-content\/uploads\/2024\/06\/WhatsApp-Image-2020-10-24-at-10.19.41-150x150.jpeg 150w, https:\/\/tallerchamberi.com\/wp-content\/uploads\/2024\/06\/WhatsApp-Image-2020-10-24-at-10.19.41-768x768.jpeg 768w\" sizes=\"(max-width: 1080px) 100vw, 1080px\" \/><\/figure><div class=\"elementor-image-box-content\"><h3 class=\"elementor-image-box-title\">SERGIO<\/h3><\/div><\/div>\t\t\t\t<\/div>\n\t\t\t\t<\/div>\n\t\t\t\t<div class=\"elementor-element elementor-element-b9ecc3f elementor-position-left elementor-vertical-align-middle elementor-widget elementor-widget-image-box\" data-id=\"b9ecc3f\" data-element_type=\"widget\" data-e-type=\"widget\" data-widget_type=\"image-box.default\">\n\t\t\t\t<div class=\"elementor-widget-container\">\n\t\t\t\t\t<div class=\"elementor-image-box-wrapper\"><figure class=\"elementor-image-box-img\"><img decoding=\"async\" width=\"1080\" height=\"1080\" src=\"https:\/\/tallerchamberi.com\/wp-content\/uploads\/2024\/06\/WhatsApp-Image-2020-10-24-at-10.19.42-1.jpeg\" class=\"attachment-full size-full wp-image-203\" alt=\"\" srcset=\"https:\/\/tallerchamberi.com\/wp-content\/uploads\/2024\/06\/WhatsApp-Image-2020-10-24-at-10.19.42-1.jpeg 1080w, https:\/\/tallerchamberi.com\/wp-content\/uploads\/2024\/06\/WhatsApp-Image-2020-10-24-at-10.19.42-1-300x300.jpeg 300w, https:\/\/tallerchamberi.com\/wp-content\/uploads\/2024\/06\/WhatsApp-Image-2020-10-24-at-10.19.42-1-1024x1024.jpeg 1024w, https:\/\/tallerchamberi.com\/wp-content\/uploads\/2024\/06\/WhatsApp-Image-2020-10-24-at-10.19.42-1-150x150.jpeg 150w, https:\/\/tallerchamberi.com\/wp-content\/uploads\/2024\/06\/WhatsApp-Image-2020-10-24-at-10.19.42-1-768x768.jpeg 768w\" sizes=\"(max-width: 1080px) 100vw, 1080px\" \/><\/figure><div class=\"elementor-image-box-content\"><h3 class=\"elementor-image-box-title\">SARBU<\/h3><\/div><\/div>\t\t\t\t<\/div>\n\t\t\t\t<\/div>\n\t\t\t\t<div class=\"elementor-element elementor-element-e2fff1e elementor-position-left elementor-vertical-align-middle elementor-widget elementor-widget-image-box\" data-id=\"e2fff1e\" data-element_type=\"widget\" data-e-type=\"widget\" data-widget_type=\"image-box.default\">\n\t\t\t\t<div class=\"elementor-widget-container\">\n\t\t\t\t\t<div class=\"elementor-image-box-wrapper\"><figure class=\"elementor-image-box-img\"><img loading=\"lazy\" decoding=\"async\" width=\"1080\" height=\"1080\" src=\"https:\/\/tallerchamberi.com\/wp-content\/uploads\/2024\/06\/WhatsApp-Image-2020-10-24-at-10.19.42.jpeg\" class=\"attachment-full size-full wp-image-202\" alt=\"\" srcset=\"https:\/\/tallerchamberi.com\/wp-content\/uploads\/2024\/06\/WhatsApp-Image-2020-10-24-at-10.19.42.jpeg 1080w, https:\/\/tallerchamberi.com\/wp-content\/uploads\/2024\/06\/WhatsApp-Image-2020-10-24-at-10.19.42-300x300.jpeg 300w, https:\/\/tallerchamberi.com\/wp-content\/uploads\/2024\/06\/WhatsApp-Image-2020-10-24-at-10.19.42-1024x1024.jpeg 1024w, https:\/\/tallerchamberi.com\/wp-content\/uploads\/2024\/06\/WhatsApp-Image-2020-10-24-at-10.19.42-150x150.jpeg 150w, https:\/\/tallerchamberi.com\/wp-content\/uploads\/2024\/06\/WhatsApp-Image-2020-10-24-at-10.19.42-768x768.jpeg 768w\" sizes=\"(max-width: 1080px) 100vw, 1080px\" \/><\/figure><div class=\"elementor-image-box-content\"><h3 class=\"elementor-image-box-title\">LUIS<\/h3><\/div><\/div>\t\t\t\t<\/div>\n\t\t\t\t<\/div>\n\t\t\t\t\t<\/div>\n\t\t\t\t<\/div>\n\t\t<div class=\"elementor-element elementor-element-6091089 e-con-full e-flex e-con e-parent\" data-id=\"6091089\" data-element_type=\"container\" data-e-type=\"container\">\n\t\t<div class=\"elementor-element elementor-element-d0ef555 e-flex e-con-boxed e-con e-child\" data-id=\"d0ef555\" data-element_type=\"container\" data-e-type=\"container\">\n\t\t\t\t\t<div class=\"e-con-inner\">\n\t\t\t\t<div class=\"elementor-element elementor-element-b7ceb99 elementor-widget elementor-widget-text-editor\" data-id=\"b7ceb99\" data-element_type=\"widget\" data-e-type=\"widget\" data-widget_type=\"text-editor.default\">\n\t\t\t\t<div class=\"elementor-widget-container\">\n\t\t\t\t\t\t\t\t\t<p>Recogida y entrega a domicilio<\/p>\t\t\t\t\t\t\t\t<\/div>\n\t\t\t\t<\/div>\n\t\t\t\t<div class=\"elementor-element elementor-element-31877e2 elementor-widget elementor-widget-heading\" data-id=\"31877e2\" data-element_type=\"widget\" data-e-type=\"widget\" data-widget_type=\"heading.default\">\n\t\t\t\t<div class=\"elementor-widget-container\">\n\t\t\t\t\t<h2 class=\"elementor-heading-title elementor-size-default\">Totalmente Gratis<\/h2>\t\t\t\t<\/div>\n\t\t\t\t<\/div>\n\t\t\t\t<div class=\"elementor-element elementor-element-767cac9 elementor-widget elementor-widget-text-editor\" data-id=\"767cac9\" data-element_type=\"widget\" data-e-type=\"widget\" data-widget_type=\"text-editor.default\">\n\t\t\t\t<div class=\"elementor-widget-container\">\n\t\t\t\t\t\t\t\t\t<p>Nos encargamos de la recogida y entrega de su veh\u00edculo donde previamente nos indique seg\u00fan sus necesidades.<\/p><p>Su autom\u00f3vil se trasladar\u00e1 a nuestras instalaciones de la Calle Bret\u00f3n de los Herreros 38 para la realizaci\u00f3n del trabajo necesario y posteriormente realizaremos la entrega en el mismo punto donde se produjo la recogida.<\/p><p>El servicio es COMPLETAMENTE GRATUITO y con todas las garant\u00edas para su veh\u00edculo.<\/p>\t\t\t\t\t\t\t\t<\/div>\n\t\t\t\t<\/div>\n\t\t\t\t\t<\/div>\n\t\t\t\t<\/div>\n\t\t<div class=\"elementor-element elementor-element-ba298c1 e-flex e-con-boxed e-con e-child\" data-id=\"ba298c1\" data-element_type=\"container\" data-e-type=\"container\">\n\t\t\t\t\t<div class=\"e-con-inner\">\n\t\t\t\t<div class=\"elementor-element elementor-element-0e78658 elementor-widget elementor-widget-image\" data-id=\"0e78658\" data-element_type=\"widget\" data-e-type=\"widget\" data-widget_type=\"image.default\">\n\t\t\t\t<div class=\"elementor-widget-container\">\n\t\t\t\t\t\t\t\t\t\t\t\t\t\t\t<img loading=\"lazy\" decoding=\"async\" width=\"800\" height=\"636\" src=\"https:\/\/tallerchamberi.com\/wp-content\/uploads\/2024\/06\/recogida-1024x814.jpg\" class=\"attachment-large size-large wp-image-204\" alt=\"\" srcset=\"https:\/\/tallerchamberi.com\/wp-content\/uploads\/2024\/06\/recogida-1024x814.jpg 1024w, https:\/\/tallerchamberi.com\/wp-content\/uploads\/2024\/06\/recogida-300x238.jpg 300w, https:\/\/tallerchamberi.com\/wp-content\/uploads\/2024\/06\/recogida-768x610.jpg 768w, https:\/\/tallerchamberi.com\/wp-content\/uploads\/2024\/06\/recogida.jpg 1534w\" sizes=\"(max-width: 800px) 100vw, 800px\" \/>\t\t\t\t\t\t\t\t\t\t\t\t\t\t\t<\/div>\n\t\t\t\t<\/div>\n\t\t\t\t\t<\/div>\n\t\t\t\t<\/div>\n\t\t\t\t<\/div>\n\t\t\t\t<\/div>\n\t\t","protected":false},"excerpt":{"rendered":"<p>NOSOTROS M\u00e1s de 25 de a\u00f1os a su servicio En talleres TOP CAR, l\u00edderes en el sector automovil\u00edstico, nuestro mayor compromiso es ayudarle a mantener y reparar su veh\u00edculo para que nada le detenga. En nuestro taller recibir\u00e1 trato personalizado y orientado a sus necesidades. Nuestro personal tiene experiencia especializada en cada \u00e1mbito, y disponemos [&hellip;]<\/p>\n","protected":false},"author":1,"featured_media":0,"parent":0,"menu_order":0,"comment_status":"closed","ping_status":"closed","template":"","meta":{"footnotes":""},"class_list":["post-29","page","type-page","status-publish","hentry"],"_links":{"self":[{"href":"https:\/\/tallerchamberi.com\/index.php?rest_route=\/wp\/v2\/pages\/29","targetHints":{"allow":["GET"]}}],"collection":[{"href":"https:\/\/tallerchamberi.com\/index.php?rest_route=\/wp\/v2\/pages"}],"about":[{"href":"https:\/\/tallerchamberi.com\/index.php?rest_route=\/wp\/v2\/types\/page"}],"author":[{"embeddable":true,"href":"https:\/\/tallerchamberi.com\/index.php?rest_route=\/wp\/v2\/users\/1"}],"replies":[{"embeddable":true,"href":"https:\/\/tallerchamberi.com\/index.php?rest_route=%2Fwp%2Fv2%2Fcomments&post=29"}],"version-history":[{"count":28,"href":"https:\/\/tallerchamberi.com\/index.php?rest_route=\/wp\/v2\/pages\/29\/revisions"}],"predecessor-version":[{"id":303,"href":"https:\/\/tallerchamberi.com\/index.php?rest_route=\/wp\/v2\/pages\/29\/revisions\/303"}],"wp:attachment":[{"href":"https:\/\/tallerchamberi.com\/index.php?rest_route=%2Fwp%2Fv2%2Fmedia&parent=29"}],"curies":[{"name":"wp","href":"https:\/\/api.w.org\/{rel}","templated":true}]}}